= 3*i**2 - 5*i. Determine r(f).
28
Let o = 791 + -797. Let t be 1/(-1) - -5 - -2. Let i(q) = -q + 7 + 7*q**2 + t*q + 2*q + q**3. What is i(o)?
1
Let n(g) be the third derivative of g**6/120 - g**4/12 + g**3/6 + 14*g**2 - 41. Let t be 3/(14/(-4) + 2). Let j = t - -3. Calculate n(j).
0
Let l(s) = 2*s - 1. Let i(y) = -8*y + 7. Let w(f) = 7*f - 6. Let o(u) = -2*i(u) - 3*w(u). Let a(m) = 7*l(m) + 2*o(m). Give a(3).
13
Suppose 0 = 244*x - 235*x - 81. Let m(l) = -l + 5. Determine m(x).
-4
Suppose 0 = 3*y + y - 24. Let u = -13 + y. Let b(h) = -h**2 - 1. Let z(f) = f**2 - 7*f - 3. Let c(w) = -2*b(w) - z(w). What is c(u)?
5
Suppose p + 6 - 5 = 0. Let q(r) be the first derivative of 4*r**3/3 - r**2/2 - 6*r - 4. Let u(o) be the first derivative of q(o). Give u(p).
-9
Let f(g) = 12*g**2 - g - 2. Let w be f(-1). Let s = w - 13. Let c be (1 + s)/1 - -2. Let p(n) = -7*n**3 - n + 1. What is p(c)?
-7
Let y(o) = -9*o**2 - o. Let w(b) = 5*b + 26. Let f be w(-5). Let r be (-6 - -4 - -1)*f. Give y(r).
-8
Let c = 10 - 3. Let b be (-260)/65 - 9/(-1). Let w(q) = -9*q**2 + c*q + 8*q**2 + q - b. Determine w(6).
7
Let h(q) be the third derivative of q**4/24 - q**3/2 + 67*q**2. Calculate h(-3).
-6
Let w(i) be the second derivative of i**5/20 + 11*i**4/12 - 11*i**3/6 + 4*i**2 + 83*i. Calculate w(-12).
-4
Let h(r) be the first derivative of r**3/3 - r**2/2 + 6*r - 39. What is h(0)?
6
Let o = 1927 + -1952. Let y(r) = -r**3 - 26*r**2 - 25*r - 1. Calculate y(o).
-1
Let n = -6 + 4. Let p(z) = -4*z**2 + 3. Let x(i) = -7*i**2 + 4. Let g(f) = -3*p(f) + 2*x(f). What is g(n)?
-9
Let c(t) be the third derivative of t**5/12 - t**4/8 + 5*t**3/6 - 166*t**2 + 3*t. What is c(3)?
41
Let i(s) = s**3 - 21*s**2 - 39*s - 19. Let o(v) = -2*v**2 - 3*v - 1. Let k(a) = -i(a) + 6*o(a). Determine k(11).
2
Let f(z) be the first derivative of -2*z**3/3 - 3*z**2/2 + 4*z - 174. Calculate f(2).
-10
Let n = 1 - -3. Let w(j) = 6*j - n*j**2 - 1 + 0*j**2 + 3*j**2. Let b be 5 - 2/(-2)*(-1 + 0). Give w(b).
7
Let o(m) = 10*m + 12. Let x be o(-1). Let u(t) = t + 1. Calculate u(x).
3
Let u(n) = 3*n + 2 - 5*n**2 + n - 5*n**2 + 11*n**2. Determine u(-4).
2
Let b = 111 - 118. Let h(j) = j**3 + 6*j**2 - 10*j - 6. Calculate h(b).
15
Let q(x) = 7*x**3 - x**2 - x + 1. Suppose -2*a - 2 = -3*b + 4, a = -3. Suppose -4*j - 2 = -3*s + s, b = 3*j - 3*s + 9. Let r be (-1 + (3 - 0))/j. Give q(r).
6
Let h be (7 - -1) + (-1 - 7). Let g(x) = x**2 - 2*x + 1. Determine g(h).
1
Suppose 2*p + 132 = -p. Let h = 68 + p. Let n be 1/((-3)/h) + 2. Let w(d) = -d - 9. What is w(n)?
-3
Suppose 51 = 9*s - 264. Let b = -1 + 8. Suppose -s = 2*y - b*y. Let m(h) = -h**3 + 8*h**2 - 7*h + 4. Calculate m(y).
4
Let w be (3 - (-24)/(-10))*15. Suppose -2*a + w = a. Let v(n) = -n - 3*n**3 + 2 - a + 16*n**3. Determine v(-1).
-13
Let a be ((-14)/(-21))/(1*(-2)/(-9)). Let c(r) be the first derivative of 10 + r**a - 3*r + 1/4*r**4 - r**2. Calculate c(-3).
3
Let t(o) = -3*o - 55. Let z be (-8 - -6)/(10/100). Determine t(z).
5
Let o(s) be the first derivative of s**3/3 - s**2/2 - 6*s - 86. Give o(0).
-6
Let d = 7 - 4. Let w(k) = -147*k**2 + k**3 + 68*k**2 + 76*k**2 - 9 + 3. Let t be w(d). Let x(n) = -n**2 - 5*n + 1. Determine x(t).
-5
Let b be -7 - 70/(-30)*3. Let r(k) be the third derivative of b*k + 0 + 2*k**2 + 0*k**3 + 0*k**4 + 1/15*k**5. Give r(1).
4
Let z(p) = 3*p + 2. Let a(y) = -y**3 + 3*y**2 + 27*y - 87. Let c be a(3). What is z(c)?
-16
Let b be 2/6 + (-16)/(-6). Let d(s) = s**3 + 2*s + 4*s**2 - 1 - b + s**2. Suppose 43*y + 69 = 16*y - 39. What is d(y)?
4
Let x(o) be the first derivative of o**4/4 + 4*o**3/3 + 2*o**2 - o + 105. Calculate x(-3).
-4
Let a = 802 + -791. Let j(f) = -3*f. Determine j(a).
-33
Let y(l) = l**3 + 7*l**2 + 6*l + 5. Let u = -27 + 39. Suppose -u = 3*v + 6. Give y(v).
5
Let d be 2 + 0/(2/(-2)). Let q be d/(-3)*(-1 + -5). Let v(i) be the first derivative of -i**3/3 + i**2 - 5*i - 318. Determine v(q).
-13
Let p(z) = z**3 - 9*z**2 - 21*z - 6. Suppose -3*a - 4*n + 54 = 3*a, a + 3*n = 2. What is p(a)?
5
Let h be (3*((-8)/(-2) + -5))/(-3). Let b(v) = -9*v + 3*v + 8*v + 5*v - 1. Give b(h).
6
Let q(m) = -2*m - 3. Suppose 23*k - 26*k - 12 = 0, i - 2 = -2*k. Give q(i).
-23
Let s(q) = q**2 - 7*q + 3. Let c(w) = w**3 - 6*w**2 - w - 5. Let b be c(6). Let j = b + 10. Let n be -3*j/3*3. Calculate s(n).
-9
Let z be (1 - -2)*(-8)/(-6). Let w(c) = -5*c + 4 - z + 2*c. Suppose 0 = 3*y - 1 + 4. What is w(y)?
3
Let j = -475 + 477. Let o(w) = -w**3 + 2*w**2 + 1. What is o(j)?
1
Let y(w) = -w**3 - 7*w**2 - 4*w - 26. Let i be y(-7). Let q(r) = -r + 2*r - 2*r. Determine q(i).
-2
Let r(v) = v**3 - 3*v**2 - 9. Let s(g) = -2*g**3 + 6*g**2 + 16. Let t(x) = 5*r(x) + 3*s(x). Determine t(4).
-13
Let w be (10/4)/(4/(-8)). Let v be 5*(-2 - 12/w). Let x(o) be the second derivative of -o**4/6 + o**3/2 - 108*o + 2. Give x(v).
-2
Let l(h) = -4*h**3 + 5*h**2 - 8*h - 11. Let r(f) = -f**3 - 1. Let q(i) = -l(i) + 5*r(i). Suppose 7*o - 3*o + 24 = 0. Calculate q(o).
-6
Let j(n) = -5*n**3 + 2*n - 5. Let z(u) = -2*u**3 + u - 2. Let d(g) = 3*j(g) - 7*z(g). Let c be (-2)/(-5) + (-8)/(-5). Determine d(c).
-11
Let y(k) = -3*k**3 + 7*k**2 - 4*k - 1. Suppose -4*w = -7*w - 6. Let p(j) = -j**3 + 4*j**2 - 2*j. Let u(c) = w*y(c) + 5*p(c). What is u(-6)?
14
Let a(x) = -x**2 - x - 2. Let f(c) = 5*c**2 + 5*c + 4. Let j(l) = 4*a(l) + f(l). Calculate j(4).
16
Let i be -6*(0 + 4/6). Let b be (-5)/i - 4/16. Let t(a) = -2*a - b - 2 + 7. Determine t(3).
-2
Let w be 1/(-2) - (-105)/14. Suppose -17 - w = 4*y. Let n(z) = z**3 + 6*z**2 - 2*z - 2. What is n(y)?
10
Let h(w) be the first derivative of -7*w**3 - 3*w**2/2 + 7*w + 3. Let x(t) = -7*t**2 - t + 2. Let z(r) = 2*h(r) - 7*x(r). Give z(-1).
6
Let j(h) = h**2 + 2*h. Suppose 4*o + d - 4*d = -8, -4*o = -5*d + 8. Let t be -1 + o/(-3 - -4). Calculate j(t).
3
Let b(d) = d**3 + 6*d**2 + 2*d + 8. Suppose o + 7*k = 2*k + 7, 3*o = 2*k + 4. Suppose 4*z + o*m = -34, z + 3*m + 0*m = -6. Let u = z - -3. Calculate b(u).
-4
Let b(r) = r + 1. Suppose 0 = -3*j - 12, 3*v + 61*j + 14 = 62*j. Determine b(v).
-5
Let d(c) = -1. Let l(z) = 2. Let r(a) = -a + 6. Let x(k) = 4*l(k) - r(k). Let s(w) = d(w) + x(w). Let f = 2 - -3. Calculate s(f).
6
Let z(b) be the second derivative of 0*b**4 + 0*b**3 + 0*b**2 - 4*b - 1/5*b**5 + 0. Suppose 14 = -2*j + 3*c, -6 = -2*c + 2. Determine z(j).
4
Let d(o) = 9*o**3 + 2*o - 10. Let n(i) = 5*i**3 + i - 5. Let z(h) = 6*d(h) - 11*n(h). Give z(0).
-5
Let p(a) be the second derivative of 2/3*a**3 + 4*a**2 - 39*a + 0. Calculate p(-6).
-16
Let n(z) = -2*z**2 + 6*z + z**2 + 2855777 - 2855775. Suppose 35 = -4*f - 1. Let j = -3 - f. Determine n(j).
2
Let d(r) = r**2 - 8*r + 3. Let c be d(8). Let n(o) = 15*o**3 - 2 - 6*o**3 + 4*o + 6*o**2 - 7*o**c - o**3. Give n(-5).
3
Let z(b) = 30309*b - 30308*b + 1 - 4. Give z(0).
-3
Let n = -20 - -52. Let k(j) = 12 - j + 17 - n + 9. Suppose 30 = 2*h + 3*h. Calculate k(h).
0
Suppose 3*v - 3*g + 18 = 0, -4 = 3*v + 5*g + 6. Let j(x) = -x**3 - 7*x - 225*x**2 - x + 218*x**2 - 5. Give j(v).
-15
Let d(a) = 10*a + 4. Suppose -4*f + 2 = -2*i, -2*f - 7*i - 5 = -6*i. Calculate d(f).
-6
Let x(t) = -t**3 + 3*t**2 + 3*t + 2. Let f be 2 - 2 - (-5 + 3). Suppose 0*r + f*r - 8 = 0. Calculate x(r).
-2
Let d(c) = c**2 - 7*c + 3. Let i(p) = -4*p**2 + 22*p - 11. Let o(x) = -10*d(x) - 3*i(x). Let v(g) = -g - 2. Let z be v(0). Give o(z).
3
Let d(k) = k**2 - 45*k - 313. Let z be d(-6). Let y(m) = m**2 + 3*m - 26. Determine y(z).
2
Let k = -24 + 27. Suppose j - 20 = 5*n, -k*j + 4*n - 5 = 2*n. Let q(d) = d**3 + 5*d**2 - 7. Give q(j).
-7
Let w = 1797 - 1800. Let t(l) = -5*l**2 - 2*l. Let s(j) = 3*j + 11*j**2 + j - 1 - 2*j**2. Let f(y) = 3*s(y) + 5*t(y). Determine f(w).
9
Let v(m) be the first derivative of -2*m**3/3 + 2*m - 212. What is v(-2)?
-6
Let g be 0 - 0 - (-9 + 4). Let m(i) = -3*i**2 - 2*i + 1. Let n(a) = 4*a**2 + 3*a - 2. Let f be 2/(-9) + (-418)/(-99). Let r(z) = f*n(z) + g*m(z). What is r(-4)?
5
Let f be (-42)/14 + -1 + -10. Let r be ((-3)/2)/(f/(-28)). Let w(o) = 2*o - 1. Calculate w(r).
-7
Let c(y) be the third derivative of y**5/60 + 5*y**4/6 + 11*y**3/2 - 573*y**2. What is c(-19)?
14
Let d(n) = 7*n. Let a(w) = 3*w. Let t(f) = 5*a(f) - 2*d(f). What is t(1)?
1
Let j = 22 + -6. Let y be 2/((j/(-12))/(-2)). Let o(p) = 1 